alculate j(-11).
-22
Let w(o) be the first derivative of -o**3/3 + o**2/2 - 18*o - 720. What is w(0)?
-18
Suppose -1783 = -5*t - 5*j - 1658, 160 = 10*j. Let m(a) = -2*a**2 + 22*a - 13. Let u(k) = 3*k**2 - 33*k + 20. Let x(r) = -7*m(r) - 5*u(r). Give x(t).
9
Let a(z) be the second derivative of -4*z**3/3 + 6*z**2 - z - 2862. Determine a(5).
-28
Let s(h) = -675*h - 8 + h**3 - 3*h**2 + 329*h - 2*h**2 + 0*h**3 + 342*h. Calculate s(6).
4
Let g(l) = l**3 + 13*l**2 + 19*l + 23. Let h be g(-12). Let d = 64 + h. Let p(k) = 7 + 0*k + k - 4. Give p(d).
6
Let l(i) = 5*i**3 - 20*i**2 - 14*i + 123. Let a(u) = 4*u**3 - 20*u**2 - 16*u + 90. Let w(z) = 4*a(z) - 3*l(z). What is w(21)?
-30
Let w(v) = -4*v + 4. Suppose 5*x - 9 = -4*f + 4, 5*f = -2*x + 12. Let m be -3 - -8 - x*(4 - 0). Let u be 9*1*(2/m)/(-6). What is w(u)?
16
Let n be (10 + -5)*(1 - 0). Let j be 1900/(-250)*10/(-4). Suppose -5*k + 2*v = -n - 0, 2*v = -3*k + j. Let o(i) = -i + 1. Determine o(k).
-2
Let g(x) = x**2 - 11*x - 15. Let b be g(12). Let r(v) = 3*v - 55 + 53 - 10231*v**2 + 10230*v**2. Determine r(b).
-20
Suppose -44 - 71 = -23*b. Suppose -b*w + 72 = 7*w. Let g(d) = 4*d - 3. What is g(w)?
21
Let d(v) = 9*v**3 - 2*v**2 + 6*v + 8. Let p(a) = 10*a**3 - 4*a**2 + 7*a + 7. Let w(f) = -3*d(f) + 2*p(f). What is w(-3)?
173
Suppose v + 3*s + 20 = 0, -3*v + 3*s + s = 125. Let m = -21 - v. Let w(y) = y - 19. Let q be w(m). Let l(x) = x + 2. Determine l(q).
-3
Let z(y) = y**3 - y + 2. Suppose -4*p = b - 25, 5*b = 2*p - 3*p + 30. Let q be 1/(0 + (3/(-1))/(-12)). Suppose -j = -q*n + 6, 0 = j - 0*j - p*n + 8. Give z(j).
8
Let g(n) = -31*n**2 - 31*n - 20. Let d(l) = -10*l**2 - 11*l - 7. Let i(t) = -19*d(t) + 6*g(t). Give i(-6).
19
Let h(w) = -7*w - 75. Let s(f) = -2*f - 74. Let t(p) = 5*h(p) - 6*s(p). Let y be t(3). Let d(q) = -q**2 + 3. Calculate d(y).
3
Let m(l) = 34192*l - 68385*l + 34185*l + 29. What is m(4)?
-3
Let x(a) = 12*a**2 + 214*a - 34. Let i(t) = -2*t**2 - 32*t + 5. Let d(s) = -20*i(s) - 3*x(s). Let n(k) = k**2 + k. Let j be n(-2). Give d(j).
14
Let n(a) = -49*a - 36. Let y(l) = -147*l - 106. Let t(o) = -7*n(o) + 2*y(o). What is t(-1)?
-9
Let u(s) = -47*s - 4. Let r(l) = -13*l - 1. Let k(y) = 26*r(y) - 6*u(y). What is k(3)?
-170
Suppose -3*r - 2*t - 6 = 0, r + 8*t - 6*t + 2 = 0. Let m(y) = -2*y**3 - 2*y**2 - 10*y - 24. Calculate m(r).
4
Suppose 4*m - 4*k + 26 = 30, -3*k + 1 = m. Let y(q) = 40*q - 9. Determine y(m).
31
Let l(o) = o - 10. Let b be -81*15/((-1890)/28). What is l(b)?
8
Let x(s) = s**2 + 5*s + 4. Suppose 0 - 13 = a. Let d(k) = k**3 + 14*k**2 + 12*k - 17. Let n be d(a). What is x(n)?
0
Suppose 5*p - 93 + 122 = 2*l, 5*l = 35. Let v(n) = -8*n - 4 - 9*n**2 - 3*n + n + n. Let i(w) = 4*w**2 + 4*w + 2. Let a(d) = -7*i(d) - 3*v(d). Calculate a(p).
-8
Suppose l + 3*r - 14 = -2*r, -2*l + 6 = -r. Let m(d) = -6*d**2 - 2*d + 4*d**2 + 71 - 64. Let k(z) = z**2 - z - 1. Let j(o) = -3*k(o) - m(o). What is j(l)?
0
Let c(a) be the second derivative of -a**5/20 + a**4/6 + a**3/2 + 3*a + 246. Suppose 2*v - 4 = 2. What is c(v)?
0
Let j(w) be the first derivative of 9*w**2 - 4*w + 5098. Calculate j(-6).
-112
Let x = -4772 + 4771. Let t(d) = 47*d**3 - d**2 - d. What is t(x)?
-47
Let c(f) be the second derivative of 3*f**3 - 146*f**2 - 2*f + 1343. Give c(16).
-4
Let a(g) = 2*g**2 - 15*g + 7. Let j(u) = -u + 2. Let b be j(-5). Let p be a(b). Let q(d) be the third derivative of -d**4/24 + 5*d**3/6 - 8*d**2. Give q(p).
5
Let y(v) = -v - 18. Let z be (4 + (-10)/(-2))/(-1). Let l(s) = -s**2 - 13*s - 45. Let f be l(z). Give y(f).
-9
Let w = 6421 + -6411. Let q(v) = -2*v**2 + 25*v - 8. Give q(w).
42
Let p be (9 - (-94)/(-10))*5. Let f = 11 - 9. Let l(d) = -d**2 + 3 - 2*d**3 - f + 0*d**3 - 2 + 2*d. Determine l(p).
7
Let h(a) = -a**2 - 5*a - 6. Let o = -75 + 44. Let z = 103 + -76. Let u = o + z. Determine h(u).
-2
Let j(a) = -5*a. Suppose 9*u - 1331 = -2*u. Suppose -14*d + 9 - u = 0. Determine j(d).
40
Let d(p) = 2*p + 29 - 14 - 17. Suppose -4*g - g + 25 = 0. Suppose 0 = 2*f - 3 - g. Determine d(f).
6
Suppose 2*o + 6 = 5*o, 5*p = 4*o + 12. Let v(u) = u**3 - 5*u**2 + 5*u. Let i be v(p). Suppose 5*f + i*f = 27. Let a(x) = -3*x + 3. What is a(f)?
-6
Let b(u) = 2*u**2 - 12*u - 563. Let d be b(20). Let w(l) = 2*l**3 + 4*l**2 - 7*l - 4. Determine w(d).
-1
Let q be 8/((-23)/(-12) + ((-469)/(-28) - 16)). Let m(l) = 10*l**2 + 7*l + 1. Let s(a) = -81*a**2 - 57*a - 9. Let k(f) = -33*m(f) - 4*s(f). What is k(q)?
-60
Let u(l) = -l**2 - 36*l - 63. Let j be u(-34). Let k(v) = 6*v + 19. What is k(j)?
49
Let x(b) = 9*b - 1. Suppose 0 = 17*t + 11 - 11. Give x(t).
-1
Let t(y) be the second derivative of -y**4/12 + y**3 + y**2 + 65*y. Let r(b) = 2*b**2 + 45*b - 15. Let v be r(-23). Determine t(v).
-14
Let n(g) = 22 + 2*g - 6 - 1. Suppose -8*l + 10*l + 12 = 0. What is n(l)?
3
Let a(h) = -h**2 + 11*h - 7. Let p = -177 + 145. Let b be (-1)/(-4) + (136/p - -11). Calculate a(b).
21
Suppose 2*d + 7 = -3*p, 4*d - p + 7 = -0*p. Let t(j) = -31*j - 4. Determine t(d).
58
Let k(o) = -o**2 + 87*o + 266. Let r be k(-3). Let b(c) = 3*c**2 + 10*c + 7. Calculate b(r).
15
Suppose 24*a + 47 = -9*a + 476. Let w(t) = 6*t + 12. Calculate w(a).
90
Let a(t) = t**2 + 10*t - 11. Let z = -56 + 11. Let g be 5/2*(-1044)/z. Suppose 2*j + 38 = -3*n, 5*n + 0*j + g = -2*j. What is a(n)?
-11
Let w be ((-40)/(-24))/((-2)/(-6)). Let l = 12 + -6. Let o(f) = 6*f + 7. Let v(u) = 7*u + 7. Let t(i) = l*o(i) - 5*v(i). Determine t(w).
12
Let k(x) = -11*x + 23. Let m(y) = 13*y - 22. Let h(r) = 14*k(r) + 12*m(r). What is h(-30)?
-2
Let l(a) = -2*a**3 + 2*a**2 + 29*a + 39. Let q be 75 + -98 - (-20 + -1). Determine l(q).
5
Let o(k) = k**3 + 15*k**2 + 24*k + 21. Suppose 0 = 3110*m - 3097*m + 169. What is o(m)?
47
Let p(h) = 6*h - 45. Let y(z) = 17*z**2 - 272*z + 7. Let k be y(16). What is p(k)?
-3
Let n(f) = -6*f**3 + 45*f**2 + 23*f + 43. Let a(p) = -p**3 + p**2 + p + 1. Let r(b) = 4*a(b) - n(b). What is r(21)?
3
Let w(u) = 3*u + 28. Suppose -d + 12255 = 12262. Give w(d).
7
Let j(l) = -5*l**2 + 6*l - 7. Let v(k) = -11*k**2 + 11*k - 14. Suppose 2*y = -2, -3*u + 28 = -4*y - 3. Let o(g) = u*j(g) - 4*v(g). Calculate o(8).
9
Let i(y) be the second derivative of -4*y**3/3 + 6*y**2 + 964*y. What is i(7)?
-44
Let r(c) = -c**2 - 8*c + 2. Suppose -5*a + 3*p + 23 = 29, -2*a + 5*p + 9 = 0. What is r(a)?
17
Let x(n) be the first derivative of -n**3 + 1/2*n**2 + 3*n - 140 + 1/4*n**4. What is x(3)?
6
Let r(m) = -3*m + 10*m + 87*m**2 + 0*m + 9 + 4*m - 88*m**2. Suppose 2*s - 20 = -0. What is r(s)?
19
Let p(k) = 107*k**2 - 36*k**2 - 146 - 39*k**2 + 45 + 20*k - 33*k**2. Determine p(12).
-5
Let i be ((-2)/4)/(2/12). Let w be (-18)/(-6) - (7 + i). Let t(g) = 6*g**2 + g. Give t(w).
5
Suppose 1 = -4*a + 13. Let z(l) = l**2 + 3*l + 2*l + 1 + a - 2. Suppose -666 = 38*g + 73*g. What is z(g)?
8
Let f(i) = 2*i**3 + 49*i**2 + 23*i - 30. Suppose 2305 - 6865 = -53*z + 243*z. Give f(z).
-6
Let m(f) = -f**2 + 3*f - 6. Let b(h) = -35*h + 302. Let s be b(-15). Let x = -822 + s. What is m(x)?
-16
Let n(d) = d**2 + 7*d - 14. Suppose -3*l - 127 + 49 = 0. Let p be 4/l + (-2397)/221. What is n(p)?
30
Let t(u) be the third derivative of -u**4/2 - 7*u**2. Give t(2).
-24
Suppose -141 + 421 = 56*s. Let z(n) = 2*n**2 - 6*n + 1. Let t(x) = x**2 - x. Let v(h) = t(h) - z(h). Calculate v(s).
-1
Let z(r) = -r + 2. Let x(m) = 1. Let u(d) = 6*x(d) - z(d). Suppose 5*v = 5*t - 60, 5*t - 14 = -5*v - 4. Let i be (-2)/(-4)*(t - 7). Determine u(i).
4
Let y(x) = -68*x**3 - 1 - 7*x**2 - 8*x + 47*x**3 + 20*x**3 - 4 - 4. Determine y(-6).
3
Let n be -4 + 6 + -1 + 5. Let c(d) = 3*d + 22. Let g be c(-6). Let p(m) = n + 3 - g*m - 10. Calculate p(-6).
23
Let h(c) = -16*c + 500 - 996 - 23*c + 502 + 11*c. Give h(-1).
34
Let a(i) = -65268 - 65276 + 130550 + 3*i. Determine a(9).
33
Let b(z) = -z**2 + 5*z + 10. Let l = 168 + -120. Suppose 58 - l = 5*t. Let v be (2/(-1))/t*-7*1. Calculate b(v).
-4
Suppose 0 = 2*w, -2*m - w - 4*w = -30. Let n(r) be the second derivative of r**2 + 0 - 1/3*r**3 - 1/20*r**5 - 5/12*r**4 + m*r. What is n(-4)?
-6
Let i(w) = -w - 1. Let v be 108/16 - (1 - 15/12). Suppose 2*d = -3*t + v*t + 18, -2*t + 105 = 5*d. Let b = d - 14. What is i(b)?
-6
Let j(g) = 2*g**3 - 33*g**2 - 53*g + 27. Let d be j(18). Suppose d*b = 41*b - 40